
41
Evaluate -2 + -17 + (4 + -23 + 20 - -28).
10
-135 + -1 - (6 + (-13 - (29 - 30 - -1)))
-129
-3 + 9 + 2 + 0 + 180 + -190 + -5
-7
What is 17 + (30 - 39) + -10 + (1 - 16)?
-17
Calculate 1544 - 1539 - (-25 - 0).
30
Evaluate (6 - 1) + (-4 - 4) + (106 - 113).
-10
-3 + 11 + (-3389 - -3373 - (0 + -19))
11
Calculate 3 - (6 + -4) - (23 + -13) - (-2 - 90).
83
Evaluate (40 + -249 - -113) + 117.
21
What is the value of 48 - 91 - (-17 - 11)?
-15
Evaluate 2 + -2 - -2 - (-31 - (77 - 76)).
34
What is -6 + -15 + (5 - (13 + -16))?
-13
7 - -2 - ((11 - 2) + -101 + 101)
0
Calculate -24 + 48 + -22 + (4 + -8 - 5).
-7
Calculate 16 + -2 - (58 - (48 - -2)) - -48.
54
Calculate -27 + (-1 + 30 - (-1021 - -1019)).
4
Calculate -40 + (38 - -3 - 22).
-21
Calculate 50 + 4 + -31 + (-5 - -29).
47
What is the value of 52 + 33 - 66 - 7?
12
Evaluate -7 - (6 - (-17 + -16) - 11).
-35
What is 98 - (29 + -79 + 115)?
33
What is 36 + -28 + -9 - (-8 + (16 - 8))?
-1
(104 - (519 + -491)) + (1 + -1 + -1 - -5)
80
Evaluate 7255 + -7315 + (1 - -19).
-40
Calculate 128 + -187 + (-4 - -10) + -13 + -7.
-73
What is 0 - 33 - (-35 - -9)?
-7
Calculate (7 - 2) + 7 + (106 - 77).
41
Evaluate (-4 + 0 - -2) + -28 + (-1218 - -1211).
-37
27 + (-44 - -54) + (21 - 0)
58
(-47 - -44) + (4 - (0 + 26))
-25
Evaluate (-17 - -13 - -9 - (39 - (2 + -5))) + 7.
-30
What is -52 + -37 + (46 - -35) - (47 - 0)?
-55
Calculate (-7 - (14 - -7)) + (-35 - -20).
-43
What is -60 + 49 - ((14 - (18 - 9)) + 70)?
-86
114 + -133 + (-5 - (-4 - -9))
-29
Evaluate (-4 - (2 - 1)) + 3 + (14 - 4) - 10.
-2
What is the value of -1 + 9 + -56 + 41 - (16 + -33 + 50)?
-40
Calculate 17 + 6 + -8 - 14 - (53 + -7).
-45
Evaluate (50 + -135 - 10) + 16.
-79
Evaluate -87 + 149 + -81 + (-7 - -18).
-8
(-72 - -2) + (-300 - -294 - (2 - (11 + 0)))
-67
Calculate -1 - (6 + -14 + -18 + 69).
-44
5 + 28 - (27 - 47 - -8)
45
9 - (-5 + (20 - 11) + (1 - -4) - 4)
4
What is the value of (11 + (-12 - -17) - -9) + -35 + -42?
-52
Evaluate -44 - (4 - 10 - 10) - 15.
-43
What is the value of (10 - 43) + (1 - 16)?
-48
What is 0 + -1 + 1 + (1189 - 1197) + 34?
26
What is (-41 - 1) + 63 - (16 - -2)?
3
Evaluate 1776 - 1966 - (1 - 135).
-56
Evaluate -8 - (100 + -49 + -42).
-17
Evaluate 10 + -18 - ((52 - 11 - -11) + 4).
-64
(5 - 49 - 39) + 29
-54
Calculate -7 + 2 + (9 - 4) - (-5 - (-111 + 1)).
-105
Calculate -20 - (-50 + -8 + -36 + 15).
59
What is (-16 + 1 + -2 - (-16 - -11)) + (-632 - -693)?
49
49 + -10 + -13 + (0 - -5) - (307 - 315)
39
What is the value of -57 + (86 - 86) + 107?
50
13 - ((25 - (-28 - -42) - (25 + 1)) + 4)
24
What is 88 + -2 - (-17067 - -17052)?
101
What is 50 - -4 - ((394 - 405) + (1 - -19))?
45
Calculate -2 + 68 + (-34 + 30 - ((2 - 1) + -5)).
66
What is the value of 28 + (-2 - (4 - (16 + -6))) + -40 + 42?
34
(87 - -5) + 41 + (-103 - -42)
72
-77 + 0 + 0 + -41
-118
Calculate (-47 - 3) + (-24 - (-8 + -30)).
-36
Calculate 0 + 8 + -7 + -37 + 88 + -110.
-58
Calculate 59 + (-54 - (1 - 12)).
16
What is the value of -57 + (-132 - (80 + -311))?
42
Evaluate 14 + -1 - (7 - -166 - 130).
-30
Evaluate -36 + (-77 - -144 - 70).
-39
(963 + -948 - (-4 + 8 - -16)) + (-75 - 0)
-80
-30 - (0 + -15 + -8) - ((-2 - -20) + 2)
-27
What is (14 - 0 - (-1 + 2)) + (-26 - -9)?
-4
What is the value of -13 + (36 + -13 - 4) + -3 - -1?
4
Evaluate -28 + (-45 - -36) - 9.
-46
What is -103 + 67 + (-117 - -79)?
-74
-1 + 16 + (-8 - -17)
24
Evaluate -34 - 0 - (-40 - (-190 + 114)).
-70
Evaluate 82 + 0 - (-9 - ((1 - -5) + -76 + 70)).
91
What is -8 - -17 - (-3 + 5 - 3 - (-17 + 10))?
3
What is the value of 26 + 30 + -84 + 106?
78
What is the value of (-8 - -11) + 60 + 0 + -24 + 12?
51
What is the value of (-1 - -3 - (-6 + -2)) + 195 + -202 + -97?
-94
Calculate 2 + 61 - (1198 - 1183).
48
Evaluate -13 + -30 - (468 - 493).
-18
What is -46 + 82 - (18 - -23)?
-5
11 - (5 - ((1 - -8) + (35 - (-15 - -13))))
52
What is 0 + (-2 - 2) + 0 - (52 + -31) - -10?
-15
What is 6 - -24 - (64 - 51)?
17
What is the value of -17 + (-38 - -29) + (-54 - 28)?
-108
What is 23 + -6 + 6 + -4 + -65?
-46
What is the value of 94 - (8 + -44 - -87)?
43
(1 - (-5 - (-4 - 0))) + (-69 - -75)
8
79 + (-18 - (-12 + -4) - 12) + 3
68
What is (-14 - 98 - -73) + 20?
-19
Evaluate 325 - 295 - (-6 - 47).
83
Evaluate 45 + -2 + 31 + -49.
25
What is (-1 - -4 - 19) + (313 - 310) - (2 + 23)?
-38
Calculate 11 - (-66 - (-19 - (-7 + -4)) - 1).
70
(-1 - (0 - -8)) + (-1186 - -1163)
-32
(1 - 2 - (-736 - -761)) + -44
-70
What is -17 + 0 + (-91 - -141 - 54)?
-21
What is the value of 1 - 72 - (84 + (-80 - -32) + -25)?
-82
-1 - 15 - (36 - (134 - 39 - -29))
72
What is the value of -74 + 11 + (10 - (9 + 18)) + 9 + -5?
-76
Calculate (-20 + 25 - 19) + 64 + 0 + 11 + -4.
57
Evaluate -11 + 28 + -34 + 27 + 14.
24
What is (-4 - 4) + 0 - (111 - 101) - (52 - 42)?
-28
What is the value of 1084 + -1133 - (1 + -37)?
-13
Calculate 33 + (19 - (-32 + 56)) + 70.
98
Calculate (-36 - -2) + (-82 + -5 - -73).
-48
(-25 - 0 - (-112 + 93) - (0 + -39)) + -11
22
What is the value of 3 + -57 + 5 + -73?
-122
What is the value of (-3 - 8) + (85 - 89) - -11?
-4
Evaluate 12 - (-3 + 10 + -6) - (-1 + 15 - -3).
-6
Evaluate (7 - (3 + 39)) + 22 + (-3 - 75 - 1).
-92
What is 4 + (2 - (13 - 7 - (-11 - -6)) - 27)?
-32
Calculate 128 + (1 - 65) + -35.
29
Calculate (2 + -1 - 1) + (-22 - (-15 + 14 + 4)).
-25
Calculate -1 - (4 - (22 - 2)) - (-148 + -47 + 108).
102
What is the value of 11 + (-72 - -42) - ((-1 - 0) + 5 - 10)?
-13
What is (5 - (17 + -38)) + (-22 - -26)?
30
Evaluate -3 + 4 + 5 + (0 - 16 - (-32 - 11)).
33
What is -17 - (-14 - ((-21 - 14) + -3) - 19)?
-22
What is 49 - (-67 - -36 - -66)?
14
Calculate 7 + -90 + 91 + 53 + 1.
62
What is the value of -7 - (37 + (-3 - 2) + 20)?
-59
Evaluate (-28 + 4 - -7 - -121) + (-2 - 5) + -2.
95
75 + -49 + -53 + 29
2
What is 122 - 170 - (-5 - 11)?
-32
What is -8 + 0 + (-16 + -117 + 112 - (0 - 30))?
1
Calculate -56 + (-2 + -1 + 264 + -255 - -17).
-33
What is 30 + -4 + (3 + -4 - (-10 + 12))?
23
What is the value of (2 - 22) + -14 + -18 + 84?
32
Calculate 13 + -10 + (-22 - 9) + 13.
-15
What is the value of 24 - ((23 - 44) + 2 + 13)?
30
Evaluate -20 + -4 + 17 - (5 + 16) - 18.
-46
What is the value of -105 + (47 - -64) + -1 + -1?
4
What is the value of -30 - -1 - ((39 - 103) + 52)?
-17
63 + 66 + -70 + -12
47
What is (1 - (2 - -3)) + (12 - 17) + 11?
2
Calculate -16 + -1032 + 1085 + (-2 - 0).
35
Evaluate 20 + -26 + 14 + -6 - (-73 + -1 + -4).
80
Evaluate 35 - 1 - (-946 - -1000).
-20
What is the value of 19 - (8 + (-50 - -22) - 4)?
43
What is the value of 14 + (46 - (47 + 47) - 31)?
-65
What is (-8 + 1 - (-10 - (26 + -26))) + (49 - 2)?
50
Evaluate -69 - -3 - (-7 + 20 + -23 + 2).
-58
What is the value of (-4 - -9) + -6 + (-4 - 1) + 13 + 1?
8
What is the value of -2 + -3 + 27 + -23 - (-1320 + 1420)?
-101
Calculate -91 + 5 + (-8 - -5) + (-33 - -17) + 26.
-79
Calculate -58 + -18 - -46 - 39.
-69
(0 - 3 - -1 - -4) + (-127 - -122) + -72
-75
What is the value of (7 - -20) + (-4 - (-10 - (2 + -13)))?
22
Evaluate (10 - (52 - 25)) + (44 - -1).
28
Calculate -937 + 965 - (5 + -12 + 24).
11
Calculate 149 + -93 - (25 - -7).
24
(-111 + -24 - -131) + 1 + 15
12
What is (-88 - (24 - 66 - -35)) + 1?
-80
Evaluate 14 - (-21 - (-9 + 30 + -97)).
-41
-24 + (-139 - -47 - -44)
-72
What is the value of 4 + -38 + (142 + -56 - 75)?
-23
(-1 - (-2 + (-15 - -17))) + (-12 - -2)
-11
Calculate 38 + (40 - 1 - 14 - 31).
32
What is (-22 - 19 - -52) + 13?
24
Evaluate 83 + (43 + (13 - 43) - 38).
58
What is the value of -7 + 60 + (5 - (10 + 5 + -4))?
47
-75 - (-139 + 70) - (9 - (4 - 2))
-13
Calculate 0 + 16 - (-8 - -36) - -127.
115
-4 + (9 - 1 - (3 + 22 + -18 - -8))
-11
What is the value of (0 - -28) + -81 + 106?
53
Evaluate 50 - 22 - (3 + 29).
-4
Calculate 46 + -58 + 26 - 0 - -134.
148
What is 10 + 13 - (-1 + 20 + -4)?
8
Calculate (17 - -16) + -1362 + 1436.
107
-16 + (60 - 43) + -16
-15
97 - -15 - (-522 - -580)
54
Calculate 4 + -8 + (15 - 14) + (44 - (0 - 2)).
43
Evaluate 22 - -17 - (3 - -32) - -42.
46
What is (-20 - 1) + -7 + 13 + (14 - (29 + -3))?
-27
(-2 - 0 - 1) + (-18 - 5)
-26
What is the value of -90 + (22 + 3 + -13 - -2) + 5 + -7?
-78
Evaluate 45 + -12 + (12 + 1 - (0 - -1)).
45
What is the value of 22 - 4 - (-2 - (19 - -3))?
42
(14 - 1) + 0 + -1047 + 1098 + -5 + 49
108
Calculate -9 - ((6 - -4 - 1) + (16 - 22) + 10)